t the prime factors of 510818.
2, 7, 11, 31, 107
List the prime factors of 661389.
3, 113, 1951
What are the prime factors of 15514571?
15514571
List the prime factors of 6606640.
2, 5, 269, 307
List the prime factors of 22206231.
3, 19, 47, 307
List the prime factors of 1915947.
3, 11, 6451
What are the prime factors of 13963659?
3, 73, 63761
List the prime factors of 331638.
2, 3, 31, 1783
List the prime factors of 307516.
2, 11, 29, 241
What are the prime factors of 39361170?
2, 3, 5, 151, 8689
List the prime factors of 62321.
7, 29, 307
What are the prime factors of 15268975?
5, 17, 37, 971
What are the prime factors of 3192751?
67, 47653
What are the prime factors of 11964561?
3, 7, 101, 5641
What are the prime factors of 6294854?
2, 3147427
List the prime factors of 14935920.
2, 3, 5, 62233
List the prime factors of 698113.
13, 83, 647
What are the prime factors of 335845?
5, 67169
What are the prime factors of 1346672?
2, 17, 4951
What are the prime factors of 1152920?
2, 5, 19, 37, 41
What are the prime factors of 3758377?
7, 17, 31583
List the prime factors of 3817011.
3, 11, 23, 47, 107
List the prime factors of 5815669.
193, 30133
What are the prime factors of 235830?
2, 3, 5, 7, 1123
What are the prime factors of 200216?
2, 29, 863
What are the prime factors of 2578673?
31, 193, 431
What are the prime factors of 234365?
5, 19, 2467
What are the prime factors of 3528178?
2, 1764089
List the prime factors of 14262033.
3, 4754011
What are the prime factors of 1853444?
2, 661, 701
What are the prime factors of 13833?
3, 29, 53
List the prime factors of 292758.
2, 3, 59, 827
What are the prime factors of 1580702?
2, 790351
What are the prime factors of 4223906?
2, 2111953
What are the prime factors of 179732?
2, 7, 131
What are the prime factors of 623119?
7, 89017
What are the prime factors of 1186985?
5, 47, 5051
List the prime factors of 4156945.
5, 13, 31, 2063
What are the prime factors of 218400?
2, 3, 5, 7, 13
What are the prime factors of 297861?
3, 43, 2309
What are the prime factors of 27038303?
79, 342257
List the prime factors of 622292.
2, 11, 14143
What are the prime factors of 168729?
3, 11, 5113
What are the prime factors of 568387?
568387
List the prime factors of 424560.
2, 3, 5, 29, 61
List the prime factors of 1294727.
7, 26423
What are the prime factors of 494848?
2, 1933
List the prime factors of 1506.
2, 3, 251
List the prime factors of 501075.
3, 5, 17, 131
What are the prime factors of 6525889?
509, 12821
What are the prime factors of 569524?
2, 142381
List the prime factors of 382342.
2, 53, 3607
What are the prime factors of 358477?
7, 83, 617
List the prime factors of 26251140.
2, 3, 5, 437519
What are the prime factors of 618919?
7, 17, 743
What are the prime factors of 221311?
221311
What are the prime factors of 329957?
329957
List the prime factors of 3813234.
2, 3, 599, 1061
What are the prime factors of 156122?
2, 251, 311
What are the prime factors of 4179081?
3, 1393027
List the prime factors of 614824.
2, 7, 10979
What are the prime factors of 1543849?
61, 25309
What are the prime factors of 2482267?
563, 4409
List the prime factors of 312430.
2, 5, 157, 199
List the prime factors of 243945.
3, 5, 13, 139
What are the prime factors of 605915?
5, 179, 677
List the prime factors of 525944.
2, 29, 2267
What are the prime factors of 105151?
71, 1481
List the prime factors of 12572267.
31, 37, 97, 113
What are the prime factors of 1211853?
3, 403951
What are the prime factors of 2187292?
2, 37, 14779
What are the prime factors of 204796?
2, 51199
List the prime factors of 558580.
2, 5, 11, 2539
What are the prime factors of 1136950?
2, 5, 22739
What are the prime factors of 663803?
7, 19, 23, 31
What are the prime factors of 5940764?
2, 1485191
What are the prime factors of 781870?
2, 5, 41, 1907
What are the prime factors of 11725499?
487, 24077
List the prime factors of 3767131.
3767131
List the prime factors of 388673.
388673
List the prime factors of 227915.
5, 79, 577
What are the prime factors of 215561?
157, 1373
List the prime factors of 1420882.
2, 710441
What are the prime factors of 2860117?
13, 220009
What are the prime factors of 5163746?
2, 7, 233, 1583
List the prime factors of 2812627.
19, 179, 827
List the prime factors of 1211926.
2, 151, 4013
List the prime factors of 403226.
2, 37, 5449
What are the prime factors of 13288211?
13288211
List the prime factors of 75394.
2, 11, 23, 149
What are the prime factors of 1314013?
23, 57131
What are the prime factors of 349870?
2, 5, 59, 593
List the prime factors of 17595731.
17, 1035043
List the prime factors of 17489217.
3, 47, 71, 1747
What are the prime factors of 330235?
5, 66047
What are the prime factors of 42835?
5, 13, 659
List the prime factors of 15593046.
2, 3, 7, 17, 21839
What are the prime factors of 23900197?
23, 1039139
What are the prime factors of 334043?
334043
List the prime factors of 4641898.
2, 937, 2477
What are the prime factors of 13587?
3, 7, 647
What are the prime factors of 13180979?
7, 1882997
What are the prime factors of 22614311?
397, 56963
List the prime factors of 108950.
2, 5, 2179
What are the prime factors of 294528?
2, 3, 13, 59
What are the prime factors of 1275417?
3, 11, 13, 991
What are the prime factors of 174255?
3, 5, 11617
List the prime factors of 2504919.
3, 139, 6007
What are the prime factors of 40498136?
2, 7, 723181
What are the prime factors of 1149501?
3, 107, 3581
What are the prime factors of 1474905?
3, 5, 98327
What are the prime factors of 512337?
3, 7, 31, 787
What are the prime factors of 461047?
53, 8699
What are the prime factors of 22550138?
2, 13, 73, 109
List the prime factors of 835225.
5, 33409
What are the prime factors of 25808279?
7, 163, 22619
List the prime factors of 7822233.
3, 869137
List the prime factors of 681883.
681883
List the prime factors of 1479150.
2, 3, 5, 19, 173
What are the prime factors of 28824218?
2, 14412109
What are the prime factors of 398431?
11, 29, 1249
What are the prime factors of 2381871?
3, 793957
List the prime factors of 532432.
2, 107, 311
List the prime factors of 279148.
2, 19, 3673
What are the prime factors of 6173551?
6173551
List the prime factors of 4360151.
53, 82267
What are the prime factors of 3816?
2, 3, 53
What are the prime factors of 10435520?
2, 5, 32611
What are the prime factors of 54043?
11, 17
List the prime factors of 27027529.
27027529
List the prime factors of 98146.
2, 31, 1583
What are the prime factors of 11644454?
2, 19, 181, 1693
List the prime factors of 95505.
3, 5, 6367
What are the prime factors of 819454?
2, 31, 13217
What are the prime factors of 6938906?
2, 13, 37, 7213
List the prime factors of 1337589.
3, 11, 59, 229
List the prime factors of 2299303.
2299303
What are the prime factors of 15450287?
19, 43, 18911
What are the prime factors of 2027557?
7, 163, 1777
List the prime factors of 631551.
3, 131, 1607
List the prime factors of 124536.
2, 3, 5189
What are the prime factors of 367523?
13, 17, 1663
What are the prime factors of 353483?
13, 27191
What are the prime factors of 9362903?
11, 17, 50069
What are the prime factors of 2216860?
2, 5, 199, 557
List the prime factors of 3069242.
2, 11, 139511
What are the prime factors of 2477?
2477
List the prime factors of 116215.
5, 11, 2113
What are the prime factors of 4202304?
2, 3, 43, 509
List the prime factors of 4221444.
2, 3, 61, 73, 79
What are the prime factors of 6643396?
2, 17, 151, 647
What are the prime factors of 169670?
2, 5, 19, 47
What are the prime factors of 607442?
2, 11, 27611
List the prime factors of 308584.
2, 17, 2269
List the prime factors of 24300059.
7, 337, 10301
What are the prime factors of 59469?
3, 43, 461
What are the prime factors of 151172?
2, 7, 5399
What are the prime factors of 3041195?
5, 443, 1373
What are the prime factors of 82027?
11, 7457
What are the prime factors of 154179?
3, 37, 463
List the prime factors of 8983970.
2, 5, 37, 24281
List the prime factors of 2810440.
2, 5, 17, 4133
List the prime factors of 4622420.
2, 5, 11, 21011
List the prime factors of 19724772.
2, 3, 41, 47, 853
What are the prime factors of 1389207?
3, 331, 1399
What are the prime factors of 1266689?
109, 11621
List the prime fa